common divisor of i and 22?
11
Suppose -h + 10 = 12. Let b(m) = m**3 + 3*m**2 + m + 1. Let j be b(h). Let t(u) = u**3 - u + 15. Let n be t(0). What is the greatest common factor of j and n?
3
Suppose -t = -4*t + 6, -4*u - 2*t = -64. Let w = -1 + 9. Let v = u - w. What is the greatest common factor of 28 and v?
7
Let z(a) = a**3 - 8*a**2 + 3*a - 12. Let s be z(8). Let k = 1 - -2. Suppose -237 = -k*x + 87. Calculate the greatest common divisor of s and x.
12
Let l(b) = 4*b + 14. Let c be l(5). What is the highest common divisor of c and 34?
34
Let a(j) = 5*j + 22. Let b be a(-3). Calculate the highest common factor of b and 91.
7
Suppose 5 + 9 = 2*x - p, 2*x = 4*p + 8. Calculate the highest common divisor of x and 1.
1
Suppose 4*b = 222 - 54. What is the highest common factor of b and 14?
14
Suppose -2*i + 32 = 2*w, -5*w + w = -4*i - 40. What is the highest common factor of w and 143?
13
Let d be (-1)/(-3 + 2) - -3. Let o(a) = 6*a + 2. Let z be o(d). Suppose 3*y = 4*i + 137, 229 = 5*y + 2*i + 44. What is the highest common divisor of y and z?
13
Suppose w - 2 = -0. Suppose 5*b + w = 12. Suppose -2*g + 4*d + 34 = 0, -b*d = -3*g + 4 + 43. Calculate the highest common factor of g and 165.
15
Suppose -5*l - 141 = -4*d - 58, 0 = d + 2*l - 11. Let o(a) = -11*a + 44. Let n be o(-13). What is the highest common factor of n and d?
17
Let b be 1/3 - (-70)/(-21). Let i be 3/(-1) - -1 - b. Let y be 9 + 2/(2*-1). What is the highest common factor of i and y?
1
Let c be (-4)/1 + (-309)/(-3). Suppose -32 = -4*b + 2*x + 6, -47 = -4*b - x. What is the greatest common divisor of c and b?
11
Let b(q) = 3*q**3 + q**2. Let f be b(-1). Let y = 1 - f. Suppose 8*a - 70 = y*a - 5*z, -3*a = 2*z - 43. Calculate the highest common factor of 165 and a.
15
Let o be (1 - -60) + -1 + 2. Suppose -4*m - 4*r = m - o, -52 = -4*m - 2*r. What is the highest common factor of 7 and m?
7
Let s = -422 + 653. What is the highest common factor of s and 33?
33
Suppose -359 - 46 = -5*w. What is the greatest common divisor of w and 9?
9
Let w be 4/(-6) + 34/6. Suppose 15 = w*p - 25. Suppose 4*g - 4*m - 336 = 0, -3*g + 0*m + 244 = -5*m. What is the greatest common divisor of g and p?
8
Suppose 0 = 5*z - 3*r - 29, -z + 15 + 1 = -4*r. Suppose -3*g = -z - 8. Calculate the greatest common divisor of 8 and g.
4
Let a(d) be the first derivative of d**3/3 + 5*d**2 - 11*d - 9. Let i be a(-17). Let c be ((-12)/5)/((-2)/10). Calculate the highest common divisor of i and c.
12
Let c(x) be the first derivative of -x**2/2 - 4*x + 1. Let r be c(-4). Suppose r = i + 2*i - 90. Calculate the highest common divisor of i and 6.
6
Let b(r) = r**3 + 7*r**2 + 2*r - 1. Let v be b(-4). Suppose -4*i + 313 = -v. Calculate the greatest common divisor of i and 11.
11
Suppose 0 = -2*p + 13 + 227. What is the greatest common divisor of 80 and p?
40
Suppose 25*g - 26*g = -13. Let z(x) = -143*x**3 + x + 1. Let q be z(-1). Calculate the greatest common divisor of q and g.
13
Let y = -4 - -70. What is the greatest common factor of 6 and y?
6
Let c = 6 + -110. Let y = c + 146. What is the highest common factor of y and 28?
14
Let r(k) = -k**2 + 2. Let j be r(2). Let i(u) be the second derivative of -5*u**3 - u. Let g be i(j). Calculate the greatest common divisor of 24 and g.
12
Let s(y) = -30*y + 8. Let p be s(6). Let h = p - -264. Suppose 84 = 2*g - h. What is the greatest common factor of g and 11?
11
Let t(l) = -l**2 - l + 6. Let v be t(-6). Let g = v + 33. Let o = 120 - 21. Calculate the greatest common divisor of o and g.
9
Suppose -3*i + 6 = 2*n - 5*i, -n + 5*i + 15 = 0. Suppose -6*a + 3*a + 99 = n. Calculate the highest common factor of a and 3.
3
Suppose h = -4*h - x + 324, 4*x = -h + 80. What is the highest common divisor of h and 160?
32
Suppose 5*g + 5*o - 32 = 38, 2*o + 36 = 2*g. Calculate the highest common divisor of g and 8.
8
Suppose 3*t = -v, -t = -v - 0*t. Let y be (-3 - 4)*(v + -3). Let c(h) = h**2 - 2*h - 1. Let g be c(5). Calculate the highest common factor of y and g.
7
Let v = 13 - 2. Suppose 0 = -4*a - 2*s + 16, -a + 0 = -3*s - v. Suppose a*g - 3*p = 102, 2*p = -g - p + 24. Calculate the greatest common divisor of g and 14.
7
Let z be 4/18 + (-80)/(-45). Let u be -4*(-15)/12*z. Let n = -69 + 119. What is the greatest common factor of u and n?
10
Suppose s = 3*k - 0*k + 73, 4*s - 347 = k. Suppose w - 188 = s. Let i = w - 144. What is the highest common factor of 12 and i?
12
Let n be (35/21)/(1/6). Suppose a + n = 58. What is the highest common factor of a and 12?
12
Let s = 58 - -18. Suppose 0 = -k + s + 25. Let r = k - 46. What is the highest common factor of r and 5?
5
Suppose -2*h + 4*s = -88, -3*s - 155 = -4*h - 2*s. Let u(x) = x**2 + 32*x + 259. Let i be u(-12). What is the greatest common factor of h and i?
19
Suppose -7 = -6*j + 23. Let y be 4/(-6)*(-30)/4. What is the highest common factor of j and y?
5
Let y = -3 - -12. What is the greatest common divisor of y and 36?
9
Let n be 383/5 - 16/(-40) - 0. Calculate the greatest common factor of n and 11.
11
Suppose 5*p = -4*n + 458, -3*n + 4*p = -149 - 210. What is the highest common divisor of n and 9?
9
Suppose 2*k = k + 16. Suppose 4 = 2*z - z. What is the highest common divisor of k and z?
4
Let k(b) = 3*b - 4. Let y be k(3). Suppose -34 - 26 = -y*c. What is the greatest common divisor of c and 18?
6
Let w be (-1)/1*1 - -5. Let k be (-6)/(-1) - 1*-2. Suppose k = -2*d + 40. Calculate the greatest common divisor of d and w.
4
Suppose 3*t + t - 3*n - 166 = 0, 0 = 3*n + 6. What is the greatest common divisor of 16 and t?
8
Let s(c) be the third derivative of c**5/20 + c**4/4 + c**3/3 - c**2. Let z be s(-4). Suppose j - 2*j + z = 0. What is the greatest common factor of 13 and j?
13
Let k(h) = -h**3 + 15*h**2 + h - 4. Let i be k(15). Let f be (-1 + (-70)/(-4))*2. Calculate the greatest common factor of f and i.
11
Let h = 22 + 2. Let o be 4/18 - (-1932)/54. Calculate the highest common factor of h and o.
12
Suppose -6*d - 2*x = -2*d - 26, 5*d - 3*x - 60 = 0. Suppose 3*o - y - 110 = -2*y, 80 = 2*o + 4*y. Calculate the highest common divisor of o and d.
9
Suppose -4*q + 640 = -0*q. Calculate the highest common factor of q and 20.
20
Let z(x) = 7*x**2 + 5*x. Let l be z(-3). What is the greatest common divisor of 32 and l?
16
Let d(u) be the first derivative of 2*u**3/3 - 4*u**2 - 6*u + 2. Let c be d(6). Let s = 34 - c. What is the highest common divisor of s and 48?
16
Let u be (0/1)/(8 - 10). Let o be (-2 + 1 + u)*-1. Calculate the highest common factor of 3 and o.
1
Let o(d) = 2*d - 3. Let a be o(19). What is the greatest common factor of a and 280?
35
Suppose 14*z - 15 = 11*z. Calculate the greatest common factor of 45 and z.
5
Suppose 6*j = j + 30. What is the greatest common divisor of j and 6?
6
Let t = -87 - -93. Calculate the highest common factor of t and 48.
6
Suppose 0 = -3*r - 2*r + 25. Calculate the greatest common factor of 5 and r.
5
Suppose 29 = -5*a - 31. Let u be 33*((-8)/a + 0). What is the highest common factor of u and 11?
11
Let g be (0 + (-2 - -8))/2. Suppose -3*t - 9 = 0, 0 = -3*f - g*t + 7*t + 27. Calculate the highest common factor of f and 55.
5
Let b(i) = i**2 - 6*i + 7. Let k be b(5). Let r = k + -2. Let l(p) = -p + 1. Let n be l(r). Calculate the greatest common factor of 1 and n.
1
Suppose -5*l = -3*t + 763, 4*l = 3*t - 145 - 613. Suppose -76 + t = 5*h. Let r = -18 + h. Calculate the highest common factor of r and 24.
8
Let h(w) = 34*w - 16. Let u be h(5). What is the greatest common factor of u and 22?
22
Suppose 3*p = -5*u - 0*p + 5, -3*u + 3 = -3*p. What is the highest common divisor of u and 11?
1
Suppose 5*g - 35 = -w - 0*w, 2*g = 5*w + 41. Calculate the highest common divisor of g and 16.
8
Suppose -2*b = -5*t - 138, 2*t - 87 = -b - 36. Suppose -5*r + 21 = -b. Calculate the highest common divisor of 24 and r.
8
Suppose -g + 0*a + 10 = 4*a, g - 3*a - 24 = 0. Suppose -3*x + 4 = -2*x. Let n be 1 + (3 - x*-2). What is the highest common factor of g and n?
6
Let p = 150 + -106. What is the greatest common factor of p and 11?
11
Suppose 160 + 146 = 3*s. Let j = s + 34. What is the highest common factor of j and 17?
17
Let a be -240*2/(-12)*4. Calculate the highest common divisor of a and 20.
20
Suppose q = 0, q + 0*q